the remainder when s(-4) is divided by 18.
17
Let o = -4567 + 4632. Calculate the remainder when o is divided by (-1)/4 - (-665)/20.
32
Let s = -89 + 163. Suppose -6*h - s = -260. Calculate the remainder when 100 is divided by h.
7
Suppose 3*f = -5*n + 124, 61*n - 84 = 58*n + 3*f. What is the remainder when 102 is divided by n?
24
Let p(r) = -95*r**3 + 2*r**2 + 2*r + 1. Suppose 0 = 5*y - b + 8 + 2, -b + 9 = -4*y. Calculate the remainder when p(y) is divided by 4.
0
Suppose -o + 17 = -3*h + 55, -h + 2*o = -6. Suppose 2*x - 267 = -5*v, v - 80*x - 48 = -75*x. Calculate the remainder when v is divided by h.
11
What is the remainder when -2*9/(-3) - (16/(-4) - 2820) is divided by 27?
22
Suppose -4*w = -2*d - 1190, -2*d + 1196 - 300 = 3*w. What is the remainder when w is divided by 72?
10
Let j = 57 + -58. Let m be j + 1 + (30/2)/5. Suppose -3*h = -5*h - 4*t + 34, 2*t + 67 = m*h. What is the remainder when h is divided by 13?
8
Suppose -3*l + 3 = 0, 2*b = -l + 2*l + 73. Calculate the remainder when 172 is divided by b.
24
Let a = 2459 - 2421. Calculate the remainder when 74/(-5)*(-8 + 3) is divided by a.
36
Let v = 122 - -148. Suppose -2*h + 9*n = 8*n - 132, v = 4*h + n. Suppose 0 = 4*f + 7 - 63. What is the remainder when h is divided by f?
11
Let w be ((-616)/(-21))/(2/6). Suppose -w - 24 = -2*l. Let b = 93 - l. Calculate the remainder when b is divided by 7.
2
Let c = 115 + -42. Suppose -5*l - z + 182 = 2*z, -z - 1 = 0. What is the remainder when c/(-2)*7/(28/(-8)) is divided by l?
36
Suppose 4*m - 157 = -5*g, 0 = -561*g + 564*g - 4*m - 75. What is the remainder when 331 is divided by g?
12
Suppose -3*u = -3*s + 9, 5*u = 3*u - 4*s. Suppose -1195*c + 10887 + 2258 = 0. What is the remainder when (u - -14)*(-16)/(-6) is divided by c?
10
Let o = 20526 - 20145. Calculate the remainder when o is divided by 8.
5
Suppose -4*a + 4 = 0, -3*m - 3*a + 51 = 9. Calculate the remainder when 20 is divided by m.
7
Suppose 181*o + 26974 - 95211 = 0. Calculate the remainder when 754 is divided by o.
0
What is the remainder when 1909 is divided by ((-140156)/222)/((-4)/6)*2/2?
15
Let i(d) = -2*d**2 + 10*d - 10. Let w be i(-8). Let n = w - -278. Calculate the remainder when n is divided by 17.
9
Let b = -160 + 164. Suppose 4*w - 30 = -3*a + w, 32 = 2*a - b*w. Calculate the remainder when 32 is divided by a.
8
Let r = 372 - 372. Suppose -4*w - d = -604, -5*w + 123*d - 119*d + 755 = r. What is the remainder when w is divided by 33?
19
Suppose 4*d - 5*d = -3. Suppose 229 = -d*z + 253. What is the remainder when 125 is divided by z?
5
Suppose 1303 = -129*t + 50581. Calculate the remainder when 1327 is divided by t.
181
Suppose 4*l - 3*o = 43, 4*o - 6 - 6 = 0. What is the remainder when (-22 + 19 - 30/(-3)) + 25 is divided by l?
6
Suppose 40 = 8*g - 4*g - 4*p, 2*p = -10. Suppose 0 = -2*t + g*i + 103, -3*t + 2*i = -0*i - 160. Calculate the remainder when 158 is divided by t.
50
What is the remainder when 3858 is divided by ((-64)/(-12))/(308/231) + 165 + -1?
162
Suppose -s + 220*u = 215*u - 231, u - 629 = -3*s. Calculate the remainder when 5060 is divided by s.
207
Suppose x - 13*c + 17*c - 143 = 0, -3*x = -4*c - 397. Calculate the remainder when x is divided by 52.
31
Let c(y) = -y**2 + 49*y + 147. Calculate the remainder when c(12) is divided by 288.
15
Let n(b) = 2571 - 11*b - 3*b - 2858. Calculate the remainder when 461 is divided by n(-22).
20
Suppose 62*b + 321 - 765 = 362. Suppose -4*m - 2*d = -16, 11 = 2*m - 5*d - 21. What is the remainder when b is divided by (-2)/m + (-13)/(-3)?
1
Let b be ((-2)/1)/(678/(-84) - -8). Suppose -b*m + 20*m + 1032 = 0. What is the remainder when m is divided by 33?
30
Suppose -8*r + 69 + 19 = 0. Suppose 705 = r*a - 582. What is the remainder when a is divided by 17?
15
Let n be 4/(-6) - 672/126. What is the remainder when 29 is divided by n/(-4) - 3*(-104)/48?
5
Suppose 2*b + 296 = 4*i, 3*b = 5*i + 2*b - 364. Suppose 5*j - 117 - 2393 = 0. What is the remainder when j is divided by i?
70
Let q be (-160)/24*(-3 - 0). Let x = 22 - q. Suppose -4*m - 4*f + 72 = 0, -3*f + 56 = 3*m + x*f. Calculate the remainder when 50 is divided by m.
16
Let i = -2470 + 2515. Calculate the remainder when 154 is divided by i.
19
Let g = 13 - 21. Suppose -5*w - 122 = i, w + 835*i + 13 = 831*i. Let j = g - w. What is the remainder when 49 is divided by j?
15
Suppose i = 4*z + 3*i - 256, 0 = i + 4. Calculate the remainder when 382 is divided by (-176)/z*(-1 + -5).
14
Suppose 5*t = -t - 18. Let c(w) = w**2 - 1. Let h be c(t). Suppose 11 = -h*d + 211. Calculate the remainder when d is divided by 14.
11
Let h = 310 - 224. Suppose 2*q - 12*t + 11*t - h = 0, -5*q = -2*t - 215. Calculate the remainder when q is divided by 21.
1
Let u be 82/(-3) + (-10)/15. What is the remainder when 55 is divided by (-64)/(-12)*-3*u/16?
27
Suppose 52*z = 12392 - 1420. What is the remainder when z is divided by 25?
11
Let b = -206 + 236. What is the remainder when b/(-2)*((-204)/30 + 5) is divided by 14?
13
Suppose -39 = 2*v - 105. Suppose g + 42 = 3*r, 2*r + 0*g = -g + v. Suppose 19*j - 116 = r*j. Calculate the remainder when 55 is divided by j.
26
Let u be ((-44)/(-55))/(613/(-205) + 3). Suppose 90*y = u*y + 312. What is the remainder when 98 is divided by y?
20
Suppose 10*s - 15*s + 70 = 0. Suppose -t + 0*t = -3. Suppose -3*b + 0*l + t*l = -63, -4*l - 108 = -5*b. What is the remainder when b is divided by s?
10
Calculate the remainder when 294 is divided by 276/207*(-9)/2 + (0 - -122).
62
Let u = -13 - -12. Suppose 5*h + 56 = -2*h. What is the remainder when 124 is divided by ((-14)/h)/(u/(-8))?
12
Let n(g) = -4*g**3 - 20*g**2 - 23*g - 60. Let k(i) = i**3 + 5*i**2 + 6*i + 15. Let b(s) = -9*k(s) - 2*n(s). What is the remainder when b(-5) is divided by 5?
0
Let x(u) = 24*u - 43. Let t be x(8). Let z = t + -116. What is the remainder when z is divided by (-4)/6 - 58/(-6)?
6
Suppose -18*i + 1026 = -9*i. Let n = -29 + 58. Calculate the remainder when i is divided by n.
27
Suppose -x = -5*x - y + 184, -3*x + 138 = 4*y. Suppose 5*w - 179 = x. Calculate the remainder when w is divided by 8.
5
Let m(b) = -b + 13 + 13 + 3 - 24. Let w be m(7). Calculate the remainder when 84 is divided by (-6)/w*17/3.
16
Suppose -92*i + 9*i + 23904 = 0. What is the remainder when i is divided by 99?
90
Suppose -41 = -2*f + 4*w + 1, -4*f + 89 = -3*w. Let p(u) be the first derivative of 45*u**4/2 + u**2 - u + 3. Calculate the remainder when p(1) is divided by f.
22
Suppose -5057 + 194273 = 24*x. What is the remainder when x is divided by 5?
4
Let p be 17/(-4) + (-100)/(-80). Calculate the remainder when 253 + 1 + p*(-2)/(-6) is divided by 64.
61
Suppose 3*s = 2*k - 171, -339 = 49*k - 53*k + 3*s. Calculate the remainder when 245 is divided by k.
77
Suppose -10*u + 5*u - 8738 = -27723. Calculate the remainder when u is divided by 47.
37
Suppose -70*a + 87 = -753. What is the remainder when 132 is divided by 14 + (9 - (-9 + a))?
12
Let o = 6 - 3. Suppose -2*f = -0*s - o*s + 283, s - 71 = -4*f. Suppose 4*z - 6060 = -5936. What is the remainder when s is divided by z?
29
Suppose 2*t - 5*g + 3 = 2, 2*t = 3*g + 1. Suppose -t*y - 2*d - 3*d - 18 = 0, -2*d - 8 = 0. Calculate the remainder when (-126)/(-3) + y + 4 is divided by 8.
7
Let k = 5356 - 5126. Calculate the remainder when k is divided by 134.
96
Suppose y - 5*y + 12 = 0, -33 = -3*n - 4*y. Suppose 0 = n*g - 259 + 35. Let d(s) = s**3 + s**2 + 3*s - 3. Calculate the remainder when g is divided by d(2).
2
Let z(m) = 5*m**2 - 149*m - 142. What is the remainder when 90 is divided by z(31)?
2
Let u(h) = 28*h**3 - 2 + 5 - 2 + 2*h**2 - 3*h**2 + h. Let t be u(-1). Let b = t - -56. Calculate the remainder when 106 is divided by b.
25
Suppose 5 = 4*d + 5*w - 7, -4*d + 44 = -3*w. What is the remainder when 27*1 - 0/(-4) is divided by d?
3
Let d be (-212)/(-26) - (-7)/(91/(-2)). Suppose -d*n - 6*n + 112 = 0. Calculate the remainder when n is divided by 2.
0
Let a = -3224 - -3279. Calculate the remainder when 184 is divided by a.
19
Suppose 0 = 12*r - 6459 - 4029. What is the remainder when 37 is divided by 5/(-2)*r/(-115)?
18
Let u = -4286 + 4481. What is the remainder when u is divided by 154?
41
Let u(h) = 22*h**2 - 28*h + 23. What is the remainder when 674 is divided